{"id":1006,"date":"2021-04-21T11:27:24","date_gmt":"2021-04-21T10:27:24","guid":{"rendered":"https:\/\/www.dutchfinearts.nl\/?page_id=1006"},"modified":"2021-05-13T12:20:31","modified_gmt":"2021-05-13T11:20:31","slug":"lost-at-sea","status":"publish","type":"page","link":"https:\/\/www.dutchfinearts.nl\/?page_id=1006","title":{"rendered":"Lost at sea"},"content":{"rendered":"<p>[et_pb_section fb_built=&#8221;1&#8243; _builder_version=&#8221;4.9.4&#8243; _module_preset=&#8221;default&#8221;][et_pb_row _builder_version=&#8221;4.9.4&#8243; _module_preset=&#8221;default&#8221;][et_pb_column type=&#8221;4_4&#8243; _builder_version=&#8221;4.9.4&#8243; _module_preset=&#8221;default&#8221;][et_pb_image src=&#8221;https:\/\/www.dutchfinearts.nl\/wp-content\/uploads\/2021\/02\/HA_Mellink.jpg&#8221; title_text=&#8221;HA_Mellink&#8221; align=&#8221;center&#8221; _builder_version=&#8221;4.9.4&#8243; _module_preset=&#8221;default&#8221;][\/et_pb_image][\/et_pb_column][\/et_pb_row][et_pb_row _builder_version=&#8221;4.9.4&#8243; _module_preset=&#8221;default&#8221;][et_pb_column type=&#8221;4_4&#8243; _builder_version=&#8221;4.9.4&#8243; _module_preset=&#8221;default&#8221;][et_pb_text _builder_version=&#8221;4.9.4&#8243; _module_preset=&#8221;default&#8221;]<\/p>\n<p>On 12th of January, 1828 in city of Lent (near Nijmegen), Helenus Albertus Mellink was born. He was one of twelve children from the marriage between Albertus Mellink and Catharina Brouwer.<\/p>\n<p>It is not yet known how he chose to study painting, but in 1846 and 1847 he was registered as a student at the famous D\u00fcsseldorfer malerschule. He wasn&#8217;t the only Dutchman there, as the art academy was able to attract many foreign art students.<\/p>\n<p><strong>The D\u00fcsseldorfer malerschule<\/strong><br \/>The academy was founded in 1773 as Kurf\u00fcrstlich-Pf\u00e4lzische Academie der Maler, Bildhauer- und Baukunst, from a previous drawing academy. In the nineteenth century, the academy became a big name for international students, as the K\u00f6niglich-Preu\u00dfische Kunstakademie, because of its outstanding course in landscape painting. From around 1830 the name &#8220;D\u00fcsseldorfer Malerschule&#8221; was used, The art academy also offered courses in so called genre painting.<\/p>\n<p>Helenus Albertus Mellink was taught here by, successively, Carl Ferdinand Sohn, Rudolf Wiegmann and Joseph Wintergerst.<\/p>\n<p>The data of the RKD states that Helenus Albertus Mellink was particularly known as a painter of the interior scene genre.<br \/>Five paintings are known from him:<br \/>&#8211; A domestic scene<br \/>&#8211; A painting titled &#8220;Sacrifice to the dog tax&#8221;<br \/>&#8211; A 16th century interior<br \/>&#8211; A painting titled &#8220;Grandmother, telling fairytales to her grandchildren&#8221;, and<br \/>&#8211; A painting titled &#8220;Mother at the empty cradle of her child&#8221;<\/p>\n<p>Helenus wrote a letter from Antwerp, Belgium to his brother Jan Willem on September 12, 1852 with congratulations on his birthday on September 13, 1852. The letter contained photographs of three of the paintings. Which is quite unique by the way, as photography was still at the beginning of its development. <span class=\"Y2IQFc\" lang=\"en\"><\/span>Perhaps he was a student at the Royal Academy of Fine Arts in Antwerp, but no evidence of this has been found yet.<\/p>\n<p>Later in life Helenus Albertus ended up in Curacao (now an autonomous part of the Kingdom of the Netherlands), where he worked as a government official. It is not known if he was still active as a painter. On April 1st, 1863 he married Augusta Geertruida Statius M\u00fcller.<\/p>\n<p>Helenus and Augusta had five children, one of which died at the age of two. About 11 years after their marriage, tragedy struck again, this time at sea, travelling from Nieuwendiep (nowadays Den Helder), The Netherlands back to Curacao. They left Nieuwendiep November 12, 1874, with the clipper brick &#8216;Santa Rosa&#8217;. But the ship never arrived in Curacao. Helenus drowned, together with his wife and three of the four children.<\/p>\n<p>For unclear reasons one of his childeren, August Leberegt Statius Mellink, wasn&#8217;t on board the &#8216;Santa Rosa&#8217;. On August 7th, 1890, at the age of 24, August married Anna Louise Henri\u00ebtte Brutel De La Rivi\u00e8re in Utrecht, The Netherlands. They lived (among others) in Bussum, which is just north of Utrecht.<\/p>\n<p>The depicted painting, an oil on panel, measuring 18 x24 cm, shows a 17th century inn scene. The painting is signed with &#8220;H.A. Mellink&#8221;, on the side of the table. It was signed in red, which makes the signature hardly visible. The painting is not dated.<\/p>\n<p>Courtesy of Dr. Bettina Baumg\u00e4rtel, Head Department of Painting\/Chief Curator at the Museum Kunstpalast in D\u00fcsseldorf.<\/p>\n<p>(Private art collection)<\/p>\n<p>[\/et_pb_text][\/et_pb_column][\/et_pb_row][\/et_pb_section]<\/p>\n","protected":false},"excerpt":{"rendered":"<p>On 12th of January, 1828 in city of Lent (near Nijmegen), Helenus Albertus Mellink was born. He was one of twelve children from the marriage between Albertus Mellink and Catharina Brouwer. It is not yet known how he chose to study painting, but in 1846 and 1847 he was registered as a student at the [&hellip;]<\/p>\n","protected":false},"author":1,"featured_media":0,"parent":991,"menu_order":1,"comment_status":"closed","ping_status":"closed","template":"","meta":{"_et_pb_use_builder":"on","_et_pb_old_content":"","_et_gb_content_width":"","footnotes":""},"class_list":["post-1006","page","type-page","status-publish","hentry"],"_links":{"self":[{"href":"https:\/\/www.dutchfinearts.nl\/index.php?rest_route=\/wp\/v2\/pages\/1006","targetHints":{"allow":["GET"]}}],"collection":[{"href":"https:\/\/www.dutchfinearts.nl\/index.php?rest_route=\/wp\/v2\/pages"}],"about":[{"href":"https:\/\/www.dutchfinearts.nl\/index.php?rest_route=\/wp\/v2\/types\/page"}],"author":[{"embeddable":true,"href":"https:\/\/www.dutchfinearts.nl\/index.php?rest_route=\/wp\/v2\/users\/1"}],"replies":[{"embeddable":true,"href":"https:\/\/www.dutchfinearts.nl\/index.php?rest_route=%2Fwp%2Fv2%2Fcomments&post=1006"}],"version-history":[{"count":16,"href":"https:\/\/www.dutchfinearts.nl\/index.php?rest_route=\/wp\/v2\/pages\/1006\/revisions"}],"predecessor-version":[{"id":1138,"href":"https:\/\/www.dutchfinearts.nl\/index.php?rest_route=\/wp\/v2\/pages\/1006\/revisions\/1138"}],"up":[{"embeddable":true,"href":"https:\/\/www.dutchfinearts.nl\/index.php?rest_route=\/wp\/v2\/pages\/991"}],"wp:attachment":[{"href":"https:\/\/www.dutchfinearts.nl\/index.php?rest_route=%2Fwp%2Fv2%2Fmedia&parent=1006"}],"curies":[{"name":"wp","href":"https:\/\/api.w.org\/{rel}","templated":true}]}}